(base 5) to base 6
3224
Convert -1240 (base 7) to base 5.
-3334
Convert 33067 (base 8) to base 14.
50b5
1441 (base 7) to base 11
477
What is -5312 (base 13) in base 2?
-10110011110011
What is -7f3 (base 16) in base 15?
-90a
What is -12010222 (base 3) in base 11?
-2901
Convert 678 (base 12) to base 3.
1022102
-452 (base 10) to base 3
-121202
Convert -2312 (base 8) to base 7.
-3401
What is 1d9b (base 14) in base 4?
1110311
What is -45606 (base 7) in base 4?
-2311203
What is 1318 (base 11) in base 4?
122301
Convert 1455 (base 9) to base 4.
101033
Convert 2a35 (base 12) to base 4.
1031021
Convert -1488 (base 11) to base 10.
-1911
Convert 2241 (base 9) to base 4.
121321
Convert 111100100010110 (base 2) to base 11.
21320
What is 34042 (base 5) in base 14?
c33
Convert -227 (base 15) to base 16.
-1e7
What is 23a0 (base 14) in base 5?
144331
22235 (base 7) to base 10
5612
1200020 (base 3) to base 12
859
-2023121 (base 4) to base 14
-3373
13fc (base 16) to base 14
1c16
Convert -1250 (base 12) to base 13.
-c39
-40 (base 15) to base 16
-3c
-1144144 (base 5) to base 4
-11110213
What is e3c (base 16) in base 8?
7074
What is 3e34 (base 15) in base 12?
7864
-1112000 (base 3) to base 16
-453
What is -1331 (base 6) in base 11?
-292
Convert 24562 (base 12) to base 15.
e888
What is -1118b (base 13) in base 3?
-1120120201
What is -1237 (base 10) in base 5?
-14422
What is -75286 (base 9) in base 13?
-19899
Convert -349 (base 15) to base 4.
-23220
Convert 200153 (base 7) to base 10.
33701
What is 2c4 (base 14) in base 12?
3b0
What is -6d (base 14) in base 10?
-97
Convert -533 (base 6) to base 4.
-3021
What is -15412 (base 9) in base 6?
-120445
What is 67a4 (base 15) in base 13?
a009
What is -1533 (base 8) in base 15?
-3c4
-21143 (base 5) to base 6
-10331
What is -101414 (base 5) in base 2?
-110100011111
What is 320 (base 11) in base 3?
112021
What is 1ba (base 12) in base 6?
1154
What is 3aaa (base 12) in base 14?
2666
What is 1316 (base 11) in base 15?
791
Convert 1052 (base 7) to base 11.
316
-211102111 (base 3) to base 6
-203404
What is -10c (base 13) in base 5?
-1211
What is 285 (base 16) in base 10?
645
110312 (base 4) to base 12
932
Convert -1121 (base 6) to base 4.
-10021
-145103 (base 6) to base 12
-8193
What is 12205 (base 6) in base 10?
1805
Convert -4012 (base 5) to base 10.
-507
Convert -b74 (base 16) to base 9.
-4017
What is -37725 (base 8) in base 10?
-16341
Convert 4936 (base 10) to base 16.
1348
-312 (base 13) to base 7
-1344
What is 1267 (base 8) in base 14?
379
-3847 (base 10) to base 5
-110342
Convert -2a5 (base 12) to base 10.
-413
101111100001011 (base 2) to base 3
1020101011
Convert 7646 (base 11) to base 3.
111211211
What is -1147 (base 11) in base 14?
-795
Convert -11113 (base 4) to base 10.
-343
What is 13641 (base 10) in base 15?
4096
What is 1022 (base 4) in base 7?
134
What is -78a (base 12) in base 3?
-1112021
-539 (base 14) to base 4
-100013
What is -144223 (base 5) in base 3?
-22111012
What is 330e (base 16) in base 9?
18832
Convert 3030203 (base 4) to base 3.
122221212
10221022211 (base 3) to base 4
102323020
What is 11200220 (base 3) in base 2?
110101100010
-5105 (base 8) to base 13
-1273
3402 (base 5) to base 9
580
Convert 16963 (base 11) to base 4.
11303221
What is 137 (base 15) in base 13?
184
Convert -2454 (base 13) to base 5.
-131024
What is 13205 (base 6) in base 11?
1578
Convert 20132331 (base 4) to base 13.
12a80
7c (base 15) to base 2
1110101
Convert -2006 (base 12) to base 9.
-4666
Convert -562 (base 7) to base 14.
-169
-7f3 (base 16) to base 4
-133303
What is -1101201 (base 4) in base 8?
-12141
Convert -552 (base 10) to base 16.
-228
Convert -1973 (base 12) to base 9.
-4236
What is -10350 (base 9) in base 7?
-25653
Convert -2253 (base 6) to base 10.
-537
What is 102020 (base 3) in base 11?
256
Convert 12a2 (base 12) to base 13.
c86
What is 525 (base 8) in base 14?
1a5
Convert 24 (base 14) to base 13.
26
Convert 105 (base 8) to base 2.
1000101
What is -2b8 (base 15) in base 9?
-762
What is 11221000 (base 3) in base 10?
3591
124a1 (base 11) to base 7
103116
What is -103 (base 16) in base 12?
-197
Convert -9192 (base 14) to base 11.
-17886
Convert -212010 (base 3) to base 12.
-440
-eef (base 16) to base 4
-323233
Convert 31006 (base 7) to base 12.
4454
26402 (base 11) to base 12
19a22
Convert -1502 (base 10) to base 12.
-a52
What is -5605 (base 9) in base 3?
-12200012
Convert -c07 (base 14) to base 2.
-100100110111
Convert -a2d (base 15) to base 10.
-2293
Convert 350305 (base 7) to base 11.
4301a
262 (base 13) to base 5
3133
331131 (base 7) to base 15
122e3
Convert 112221 (base 7) to base 2.
100111000100111
What is -40a2 (base 11) in base 14?
-1da4
Convert 1eca (base 15) to base 9.
10181
What is 12d (base 16) in base 15?
151
Convert -46364 (base 9) to base 13.
-110c5
What is -7997 (base 11) in base 15?
-31ac
What is 10444 (base 5) in base 9?
1022
What is 1101110000001101 (base 2) in base 6?
1112445
What is -422003 (base 5) in base 13?
-64b2
-502 (base 10) to base 14
-27c
What is -202222 (base 5) in base 16?
-19a2
43c (base 14) to base 16
346
-30215 (base 12) to base 15
-137c8
What is 153 (base 10) in base 9?
180
Convert -11011101 (base 2) to base 3.
-22012
What is 2012 (base 4) in base 8?
206
Convert 1041 (base 9) to base 16.
2fe
Convert 24433 (base 6) to base 15.
1116
What is -259 (base 12) in base 11?
-2a5
What is 2849 (base 13) in base 8?
13257
-712 (base 15) to base 9
-2158
1000011110110 (base 2) to base 16
10f6
What is -373 (base 12) in base 8?
-1007
-2304 (base 5) to base 15
-16e
What is -37c (base 13) in base 6?
-2454
12105 (base 6) to base 8
3351
4357 (base 10) to base 7
15463
What is 61828 (base 9) in base 8?
117501
What is 100121 (base 3) in base 8?
403
What is -1659 (base 11) in base 7?
-6120
Convert 10110000010101100 (base 2) to base 13.
3212c
Convert -20aa (base 13) to base 6.
-32554
-20e (base 15) to base 11
-392
4301 (base 6) to base 13
59b
Convert -174 (base 9) to base 4.
-2110
What is 1eb (base 16) in base 6?
2135
Convert -266 (base 14) to base 5.
-3412
Convert 10557 (base 11) to base 13.
6c77
What is 1143 (base 6) in base 11?
234
Convert 1030 (base 10) to base 2.
10000000110
What is 23140 (base 10) in base 4?
11221210
310 (base 8) to base 6
532
Convert -203322 (base 4) to base 15.
-a33
Convert -204012 (base 5) to base 9.
-10237
What is -120020112 (base 3) in base 10?
-11111
Convert -101605 (base 8) to base 2.
-1000001110000101
-cb5 (base 14) to base 15
-b26
-1101001111000 (base 2) to base 15
-201b
Convert -11110010100000 (base 2) to base 11.
-1072a
What is 266 (base 9) in base 8?
336
-1f9 (base 16) to base 5
-4010
-210220 (base 3) to base 5
-4331
Convert 1112111112 (base 3) to base 15.
8e6e
6bdb (base 14) to base 4
10211331
-6664 (base 9) to base 2
-1001100110110
Convert 244240 (base 6) to base 12.
10680
Convert 11122100 (base 3) to base 12.
1b60
What is -684 (base 10) in base 13?
-408
Convert -51534 (base 6) to base 16.
-1af2
What is 33212 (base 4) in base 5?
12443
-200102211 (base 3) to base 11
-a10a
151 (base 7) to base 10
85
What is -aaac (base 13) in base 8?
-56372
-3320 (base 4) to base 2
-11111000
What is -2a52b (base 13) in base 4?
-103201212
Convert -3214 (base 9) to base 11.
-1858
What is 106 (base 9) in base 13?
69
What is 3b0 (base 12) in base 9?
686
127468 (base 9) to base 4
102331130
What is -1378 (base 10) in base 9?
-1801
What is -1010100101101 (base 2) in base 10?
-5421
Convert 2012000 (base 3) to base 4.
120321
Convert 6257 (base 15) to base 4.
11010232
301012 (base 4) to base 6
22314
What is -114020 (base 5) in base 4?
-1002210
What is 2ba (base 15) in base 3?
212011
Convert -1000223 (base 4) to base 12.
-248b
111100000000 (base 2) to base 9
5236
What is -5475 (base 8) in base 15?
-cbc
1010202 (base 5) to base 6
203250
-33511 (base 6) to base 9
-6427
3031 (base 10) to base 12
1907
Convert 1110011 (base 3) to base 10.
1057
48135 (base 9) to base 3
1122011012
What is -10120 (base 3) in base 2?
-1100000
What is -32020 (base 5) in base 8?
-4127
Convert 36d (base 16) to base 12.
611
Convert 1012220 (base 3) to base 16.
378
What is -802 (base 12) in base 4?
-102002
100110011101 (base 2) to base 10
2461
What is 40504 (base 6) in base 15?
18cd
What is -1c09 (base 15) in base 6?
-44100
-150 (b